1. Suppose -q*f - 352 = 4*b - 950, 4*f - 4*b = 816. Is f prime?
False
Let s(x) = 81183*x**2 - 258*x - 529. Is s(-2) composite?
True
Suppose -5*l + 4*l + 2*w = -12965, 0 = -3*l + 4*w + 38891. Suppose -l = -3*f - q + 6*q, -3*f + 2*q = -12973. Is f a composite number?
False
Let o = 137 - 128. Let z(q) = -q**3 + 19*q**2 - 10*q - 13. Is z(o) a composite number?
True
Suppose -2*m + 1400 = g, 2*g + 2*m + 1801 = 4593. Suppose -3*d + g = -3675. Is d a prime number?
False
Let h = 16331 + -7589. Suppose -3*l + 26216 = 5*j, -2*j + 3*j = -l + h. Is l a prime number?
True
Suppose 0*l = -3*l + 4326. Let y(f) = -13*f**2 - 2*f - 12. Let h be y(-3). Let a = h + l. Is a a prime number?
True
Let d(q) = 14532*q - 5537. Is d(3) composite?
True
Let c(r) = -2*r**2 + 29*r - 72. Let q be c(12). Is 162404/(-33)*q/16 composite?
False
Suppose -10*f - 218653 = -1500663. Is f prime?
True
Let t = -16 + 20. Let h(y) = y**3 - 5*y**2 + 4*y + 4. Let c be h(t). Suppose 1022 = c*z + z - 3*f, 0 = -4*f + 4. Is z a composite number?
True
Let o be 3*(-25)/1 + 24 + -27. Let c = o + 83. Suppose c = -0*m - m, -k + 4*m + 379 = 0. Is k composite?
False
Let p(i) = i**3 + 14*i**2 + 12*i - 4. Let k be p(-13). Suppose -135013 - 211010 = -k*t. Is t prime?
True
Let l(m) = -1624*m - 3279. Is l(-61) composite?
True
Let l be (-1)/2 + 8132/(-8)*-1. Let k be (-5)/(20/l) - -5. Is (1 + 2 - (k + -3)) + -4 a prime number?
True
Let v = -34 - -38. Suppose -5*a + v + 1 = 5*l, 4*l - a = 24. Suppose 4*x = -3*p + 1664, l*p = 3*x - 875 - 344. Is x a prime number?
False
Let c = -35151 + 62114. Is c composite?
True
Is 16 + 1225/(-75) - (0 + 433508/(-6)) composite?
False
Let z = 604 + -4945. Let l = 8912 + z. Is l a prime number?
False
Let d be ((-15)/(-6))/5*(-16)/(-8). Is d/((-25305)/(-3163) - 8) prime?
True
Let g = 497853 - 216536. Is g prime?
True
Suppose 372*j - 13236 - 487558 = 358*j. Is j a composite number?
False
Suppose -12 = -2*b + 18. Suppose -3*g - 36 = -b*g. Is 5*(-6)/(-15) - g - -1658 a prime number?
True
Let j = 8615 - -139994. Is j a prime number?
True
Let j(s) = 39*s - 21. Let r be j(1). Suppose -12*x + r*x - 66318 = 0. Is x prime?
False
Let o be (0/(-4) - -1)*(-4 - -3). Let j be (o/3 - -1) + 12590/6. Suppose 5*m + v - 4173 = m, 0 = -2*m - 3*v + j. Is m a prime number?
False
Let y(p) be the second derivative of -159*p**3 - 13*p**2/2 - 2*p + 24. Is y(-1) a prime number?
True
Let g = 118 - 114. Suppose -g*j + 11*j = 81543. Suppose 15*d - j = 3036. Is d composite?
True
Let i(k) = 14*k + 18. Let p be i(-5). Let n = 54 + p. Suppose -u - 3851 = -4*u + 2*r, -5*u + 6421 = -n*r. Is u prime?
False
Let c(a) = 17*a**2 + 40*a + 19. Is c(18) composite?
False
Let r(h) = 10223*h - 341. Is r(20) composite?
True
Let z(o) = -o - 14. Let c be z(-16). Is (-51668 + c)/(-6) + -2 composite?
False
Let r(f) = -162*f**2 + 13. Let g(j) = j**2 - j + 5. Let z(n) = 6*g(n) - r(n). Is z(-10) composite?
True
Suppose 1541187 = 3*a - 2*q, a - 4*q = -a + 1027450. Is a composite?
False
Let f(x) = 15*x**2 + 13*x. Let c be f(1). Suppose 3*o - c*o = -128175. Is o a composite number?
True
Let w be 5 + 342/(-24) + 1/4. Is ((-3)/w)/((-4)/(-1068)) composite?
False
Suppose -121 = x + 4*b, -3*x - 540 = x + 2*b. Let f = 142 + x. Suppose -f*a = 5*g - 0*g - 23925, 5*a - 23911 = 2*g. Is a a prime number?
True
Let s(a) = a**3 - 11*a**2 - 22*a - 43. Let v be s(13). Suppose 10*l = v*l + 1523. Is l a composite number?
False
Let w(g) = 1852*g + 47. Let k(r) = 1235*r + 31. Let y(z) = -8*k(z) + 5*w(z). Is y(-6) a prime number?
False
Suppose -1962 = -2*v - 7*v. Suppose v = 10*r + 58. Suppose 3*x = 41 + r. Is x a composite number?
False
Let x(d) = -3 - 6 + 1 - 2 - 63*d. Is x(-7) a prime number?
True
Let g(v) = 1977*v**2 - 31*v - 61. Is g(-2) a prime number?
False
Let k(z) = -8*z - 15. Let l be k(-12). Let w = l - 79. Suppose 4*s = -w*q + 1634, q = -3*s - 3*q + 1233. Is s a composite number?
True
Let a(g) = g**3 - 10*g**2 - 9*g - 22. Let w = -104 + 115. Let k be a(w). Suppose -4*i + 6307 = 5*v, k = -4*v - 0*i + 4*i + 5024. Is v a prime number?
True
Let u = -338 + 402. Suppose u*h - 424 = 60*h. Is h a prime number?
False
Let s(d) = -10 + 31 - 16 - 2*d**3 - 2*d - 4*d**2. Suppose -19 = 4*w - 3. Is s(w) prime?
False
Let m(p) = p**2 - 6*p + 6. Let v be m(7). Let d(i) = -2*i**2 - v - 7*i - 4 - 16*i**2 + i**3 + 3*i**2. Is d(16) a prime number?
True
Suppose 5*x = 8 + 12. Let w(f) = f**2 + 6*f - 5. Let g be w(-7). Suppose -x*d = g*a - 886, -d - 4*a + 2*a + 217 = 0. Is d prime?
True
Let v(h) = -2930*h**2 - 6*h + 5. Let q be v(1). Let g = q - -5104. Is g a composite number?
True
Let f be 20 - 1/((-3 - -6)/3). Let c = -16 + f. Suppose -2*z - 2*s + 48 = 0, -c*s - 22 + 72 = 2*z. Is z a prime number?
False
Let n(b) = 290*b**2 - 4*b - 5. Suppose -2*c = -8*c + 18. Let t be n(c). Suppose 7*w - t = 3294. Is w a prime number?
False
Let o be (-2)/(-2) - (19 + -14). Is (-12)/(-24) + 2/o*-4825 prime?
False
Let p(l) = -13199*l**3 - 2*l**2 - 3. Let r be p(-3). Is 4/(-12) - r/(-18) composite?
True
Let r(u) = 2*u**3 - 12*u**2 + 3*u - 8. Let h be r(4). Is (-5846)/6*(57 + h) a prime number?
False
Suppose g - r - 2*r = 3450, -5*g + 4*r + 17305 = 0. Suppose -4430 = -t + g. Is t prime?
False
Let z(h) = h**3 + 5*h**2 + 5*h + 6. Let k be z(-4). Is (-3943)/(k - 1)*-7 a prime number?
False
Let f = -1860 + 6326. Let p = 7835 + f. Is p a composite number?
False
Let l = -1280 - -4961. Let r(m) = -5243*m - 1. Let c be r(-1). Let q = c - l. Is q prime?
False
Is (-71)/((-1065)/(-90)) + (127656 - 1) composite?
False
Let c(t) = 2*t**2 - 7*t + 12. Let q(n) = -6*n**2 + 22*n - 36. Let h(o) = -17*c(o) - 6*q(o). Let z be h(9). Let i = z - 44. Is i a prime number?
True
Let b(u) = u**2 - 28*u - 58. Let o be b(30). Suppose 3*q = -o*q + 4*i + 43179, 0 = -3*q - i + 25921. Is q composite?
True
Let z(l) = -l**2 - 10*l + 2. Let u be z(-10). Suppose u*k = 275 + 131. Suppose 23*r = 22*r + k. Is r a prime number?
False
Is 2997*(-2336)/(-48) - -7 prime?
True
Let t(w) be the first derivative of 927*w**3 - 7*w**2/2 + 3*w - 21. Is t(4) a composite number?
True
Let n = 743 - 707. Suppose n*v - 31544 = 28*v. Is v a composite number?
False
Let c = -37092 + 71899. Is c composite?
False
Let l(c) = 2*c - 2*c**2 + c**3 - 2 - 11 - 4*c**2 - 4. Let r be l(11). Suppose -3*z = -8*z + r. Is z composite?
True
Let n be (-779 - 1)*18*(-8)/(-18). Let d = 661 - n. Is d a composite number?
True
Let d be 2/(-8) + 18/8 + 2408. Let c = d + 136. Is 3/(-24) - c/(-16) a composite number?
True
Let q(b) = 18198*b - 1153. Is q(17) prime?
True
Let w = 98 + -59. Let m = -37 + w. Is (0 + m - 3)*(-1402)/2 a composite number?
False
Suppose 4*k + 4777 = 5*y - 0*k, y - 941 = -4*k. Suppose -y = -5*o + a, -2*o + 314 = 3*a - 74. Is o a composite number?
False
Let h(r) = -156 + 171 - 12*r - 14*r**2 - 5*r**3 + 4*r**3. Let c be h(-13). Suppose -4*s + c*s = -1298. Is s composite?
True
Suppose 0 = -4*r + 4*u, 16 = -5*r - 6*u + 3*u. Is 2*(r - (-17656)/16) prime?
True
Suppose 80*p - 4286108 = -50*p + 1563762. Is p a prime number?
False
Suppose -u = l - 17729 - 22321, 2*u - 80085 = l. Is u prime?
False
Suppose 2*w - 4*r - 5170 = 14960, -5*w = -r - 50352. Suppose 1317 - w = -6*u. Is u a prime number?
True
Is -1*5 - (3/((-30)/56270) + 5) composite?
True
Let h = -159 - -295. Let q = h - -896. Let o = -725 + q. Is o a composite number?
False
Let n(i) = i**3 + 10*i**2 - 5*i - 21. Let u be n(-8). Suppose 3948 = -u*d + 159*d. Is d prime?
False
Let v = -156708 - -271405. Is v a prime number?
False
Let d = 767649 - -691442. Is d prime?
True
Let v(c) = 170*c**3 + 18*c**2 - 31*c + 19. Let q(b) = 255*b**3 + 28*b**2 - 47*b + 29. Let m(n) = -5*q(n) + 8*v(n). Is m(6) a prime number?
True
Let c = 96 + -139. Let p = -41 - c. Suppose 6 = p*q, -2*q = -5*h + 890 + 219. Is h prime?
True
Let q(r) = r + 5. Let l = -25 + 22. Let h be q(l). Suppose 0 = -h*b - v + 3737, -9341 = -5*b - 3*v + v. Is b composite?
False
Let h = 188393 - 126151. Is h a composite number?
True
Suppose -32*p = -30*p + 84. Let n be (-2)/(20/p) - (-2)/(-10). Is (-2)/8*(n + -4872) a prime number?
True
Suppose 3*w = 4*n - 2984, 4*n - 5*w = -0*w + 2976. Let a = 1362 - n. Is a composite?
False
Let h = 371 + -100. Suppose -5*p - j = -1260, h = p + 9*j - 5*j. Is p prime?
True
Suppose -9*q + 34869 = -620790. Is q compos